{"id":5890,"date":"2025-02-11T08:05:03","date_gmt":"2025-02-10T23:05:03","guid":{"rendered":"https:\/\/www.kmi2.com\/?page_id=5890"},"modified":"2025-11-07T08:12:15","modified_gmt":"2025-11-06T23:12:15","slug":"hate-crime-for-criticizing-homosexuality","status":"publish","type":"page","link":"https:\/\/www.kmi2.com\/?page_id=5890","title":{"rendered":"Hate Crime for Criticizing Homosexuality"},"content":{"rendered":"\n<h2 class=\"wp-block-heading has-text-align-center\">Hate Crime for Criticizing Homosexuality<\/h2>\n\n\n\n<h2 class=\"wp-block-heading has-text-align-center\">Charged With Hate Crimes for Tweeting Bible Verse, Criticizing Homosexuality<\/h2>\n\n\n\n<p><em>It should be noted that the liberals in Finland persecuted a politician just for tweeting a bible verse. They made an example of her using lawfare against her that forced her to spend huge money in defending herself. This was done to send a message to all Christians that they better not speak out against that which the bible calls \u201cevil\u201d because even just posting a bible verse can be deemed a \u201chate-crime\u201d by liberals and bring legal prosecution against them. This is an attempt by liberals to make an example of anyone who dares speak the truth or who refutes their [Liberal, Feminist, Transqueer, Socialist, Commie] false ideology.<\/em><\/p>\n\n\n\n<p><strong>ARTICLE START:<\/strong><\/p>\n\n\n\n<p>A Finnish politician has been charged with \u201chate crimes\u201d because she&nbsp;tweeted a Bible verse that was critical of homosexuality . . .<\/p>\n\n\n\n<p><a href=\"https:\/\/russian-faith.com\/authors\/jack-hadfield\" target=\"_blank\" rel=\"noreferrer noopener\">Jack Hadfield<\/a>(<a href=\"https:\/\/russian-faith.com\/publication\/national-file\" target=\"_blank\" rel=\"noreferrer noopener\">National File<\/a>)&nbsp;May 9, 2021&nbsp;|&nbsp;500&nbsp;words&nbsp;&nbsp;293&nbsp;&nbsp;<a href=\"https:\/\/russian-faith.com\/news-trends\/finnish-politician-charged-hate-crimes-tweeting-bible-verse-criticising-homosexuality#disqus_thread\">Comments<\/a><\/p>\n\n\n\n<p>MORE:<a href=\"https:\/\/russian-faith.com\/news\" target=\"_blank\" rel=\"noreferrer noopener\">NEWS<\/a>&nbsp;<a href=\"https:\/\/russian-faith.com\/trends\" target=\"_blank\" rel=\"noreferrer noopener\">TRENDS<\/a><\/p>\n\n\n\n<p><em>Originally appeared at:&nbsp;<a href=\"https:\/\/nationalfile.com\/finnish-politician-charged-with-hate-crimes-for-tweeting-bible-verse-criticising-homosexuality\/\" target=\"_blank\" rel=\"noreferrer noopener\">National File<\/a><\/em><\/p>\n\n\n\n<hr class=\"wp-block-separator has-alpha-channel-opacity\"\/>\n\n\n\n<p>A Christian Finnish politician has been charged with multiple hate crimes, after she tweeted a Bible verse and criticized homosexuality, and could face up to 6 years in prison as a result.<\/p>\n\n\n\n<p>P\u00e4ivi R\u00e4s\u00e4nen, a current Finnish Member of Parliament, and former Minister of the Interior, was charged last week on three hate crimes counts, having been accused of engaging in hate speech for posting about her Christian beliefs on homosexuality. The Finnish Prosecutor General, a leftist&nbsp;<a href=\"https:\/\/pro.almatalent.fi\/article\/valtakunnansyyttaja-raija-toiviainen-syyttajat-ovat-vahvoja\/7107\">who considers communist Nelson Mandela to be her \u201cguru,\u201d<\/a>&nbsp;announced that after&nbsp;<a href=\"https:\/\/evangelicalfocus.com\/europe\/4738\/paivi-rasanen-interview-finland-christians-keep-silent-on-controversial-themes-freedom-of-speech\">opening the investigation into R\u00e4s\u00e4nen in September 2019<\/a>, the state had enough evidence to charge her.<\/p>\n\n\n\n<figure class=\"wp-block-image aligncenter\"><img decoding=\"async\" src=\"https:\/\/kmi2.kr\/wp-content\/uploads\/2023\/05\/image.png\" alt=\"\" class=\"wp-image-11673\"\/><\/figure>\n\n\n\n<p>The three incidents that R\u00e4s\u00e4nen, who previously led the Christian Democrats, is being charged with,&nbsp;<a href=\"https:\/\/evangelicalfocus.com\/europe\/11305\/christian-politician-paivi-rasanen-formally-charged-for-hate-crime-against-homosexuals?fbclid=IwAR3UXaCQbE74BiW8P1hTBcMDFUKsRsFdixlUXyqfp9hr2mnMrHlH4x7qwds\">spans a time period of well over a decade.<\/a>&nbsp;In 2004, she published a booklet about the Bible and sexuality. In 2018, R\u00e4s\u00e4nen was spoke on a talk radio show on the topic of \u201cwhat would Jesus think about homosexuals.\u201d&nbsp;<a href=\"https:\/\/nationalfile.com\/finland-mp-under-hate-crime-investigation-for-posting-a-bible-verse\/\">In 2019,<\/a>&nbsp;she posted the Bible verse Romans 1:24-27, in order to criticize the participation of the Finnish Lutheran Church in the LGBT Pride festival that took place last year, with this last \u201coffence\u201d being the one that triggered the investigation as a whole.<\/p>\n\n\n\n<p>According to YLE, the Finnish Prosecutor General said that her statements were \u201cderogatory and discriminatory against homosexuals,\u201d and violated \u201ctheir equality and dignity,\u201d and that as a result, her comments would \u201coverstep the boundaries of freedom of speech and religion and are likely to fuel intolerance, contempt and hatred.\u201d Each count could result in a 2-year prison sentence or fine, meaning that R\u00e4s\u00e4nen could be facing up to 6 years in prison in total.<\/p>\n\n\n\n<p><a href=\"https:\/\/adfinternational.org\/news\/when-a-tweet-can-land-you-in-jail-criminal-charges-brought-against-finnish-mp\/\">In a statement,<\/a>&nbsp;R\u00e4s\u00e4nen said she couldn\u2019t accept that voicing her religious beliefs could result in imprisonment. \u201cI do not consider myself guilty of threatening, slandering or insulting anyone,\u201d she added:<\/p>\n\n\n\n<p>My statements were all based on the Bible\u2019s teachings on marriage and sexuality.&nbsp;I will defend my right to confess my faith, so that no one else would be deprived of their right to freedom of religion and speech. I hold on to the view that my expressions are legal and they should not be censored. I will not back down from my views. I will not be intimidated into hiding my faith. The more Christians keep silent on controversial themes, the narrower the space for freedom of speech gets.<\/p>\n\n\n\n<p>\u201cFreedom of speech is one of the cornerstones of democracy,\u201d said Paul Coleman, the Executive Director of ADF International, who is representing R\u00e4s\u00e4nen:<\/p>\n\n\n\n<p>The Finnish Prosecutor General\u2019s decision to bring these charges against Dr. R\u00e4s\u00e4nen creates a culture of fear and censorship. It is sobering that such cases are becoming all too common throughout Europe. If committed civil servants like P\u00e4ivi R\u00e4s\u00e4nen are criminally charged for voicing their deeply held beliefs, it creates a chilling effect for everyone\u2019s right to speak freely.<\/p>\n\n\n\n<p><a href=\"https:\/\/russian-faith.com\/news-trends\/finnish-politician-charged-hate-crimes-tweeting-bible-verse-criticising-homosexuality\">Article Link<\/a><\/p>\n","protected":false},"excerpt":{"rendered":"<p>Hate Crime for Criticizing Homosexuality Charged With Hate Crimes for Tweeting Bible Verse, Criticizing Homosexuality It should be noted that the liberals in Finland persecuted a politician just for tweeting a bible verse. They made an example of her using lawfare against her that forced her to spend huge money in defending herself. This was [&hellip;]<\/p>\n","protected":false},"author":1,"featured_media":0,"parent":0,"menu_order":0,"comment_status":"closed","ping_status":"closed","template":"","meta":{"footnotes":""},"class_list":["post-5890","page","type-page","status-publish","hentry"],"_links":{"self":[{"href":"https:\/\/www.kmi2.com\/index.php?rest_route=\/wp\/v2\/pages\/5890","targetHints":{"allow":["GET"]}}],"collection":[{"href":"https:\/\/www.kmi2.com\/index.php?rest_route=\/wp\/v2\/pages"}],"about":[{"href":"https:\/\/www.kmi2.com\/index.php?rest_route=\/wp\/v2\/types\/page"}],"author":[{"embeddable":true,"href":"https:\/\/www.kmi2.com\/index.php?rest_route=\/wp\/v2\/users\/1"}],"replies":[{"embeddable":true,"href":"https:\/\/www.kmi2.com\/index.php?rest_route=%2Fwp%2Fv2%2Fcomments&post=5890"}],"version-history":[{"count":3,"href":"https:\/\/www.kmi2.com\/index.php?rest_route=\/wp\/v2\/pages\/5890\/revisions"}],"predecessor-version":[{"id":11289,"href":"https:\/\/www.kmi2.com\/index.php?rest_route=\/wp\/v2\/pages\/5890\/revisions\/11289"}],"wp:attachment":[{"href":"https:\/\/www.kmi2.com\/index.php?rest_route=%2Fwp%2Fv2%2Fmedia&parent=5890"}],"curies":[{"name":"wp","href":"https:\/\/api.w.org\/{rel}","templated":true}]}}

<h2 class="wp-block-heading has-text-align-center">Hate Crime for Criticizing Homosexuality</h2>



<h2 class="wp-block-heading has-text-align-center">Charged With Hate Crimes for Tweeting Bible Verse, Criticizing Homosexuality</h2>



<p><em>It should be noted that the liberals in Finland persecuted a politician just for tweeting a bible verse. They made an example of her using lawfare against her that forced her to spend huge money in defending herself. This was done to send a message to all Christians that they better not speak out against that which the bible calls “evil” because even just posting a bible verse can be deemed a “hate-crime” by liberals and bring legal prosecution against them. This is an attempt by liberals to make an example of anyone who dares speak the truth or who refutes their [Liberal, Feminist, Transqueer, Socialist, Commie] false ideology.</em></p>



<p><strong>ARTICLE START:</strong></p>



<p>A Finnish politician has been charged with “hate crimes” because she&nbsp;tweeted a Bible verse that was critical of homosexuality . . .</p>



<p><a href="https://russian-faith.com/authors/jack-hadfield" target="_blank" rel="noreferrer noopener">Jack Hadfield</a>(<a href="https://russian-faith.com/publication/national-file" target="_blank" rel="noreferrer noopener">National File</a>)&nbsp;May 9, 2021&nbsp;|&nbsp;500&nbsp;words&nbsp;&nbsp;293&nbsp;&nbsp;<a href="https://russian-faith.com/news-trends/finnish-politician-charged-hate-crimes-tweeting-bible-verse-criticising-homosexuality#disqus_thread">Comments</a></p>



<p>MORE:<a href="https://russian-faith.com/news" target="_blank" rel="noreferrer noopener">NEWS</a>&nbsp;<a href="https://russian-faith.com/trends" target="_blank" rel="noreferrer noopener">TRENDS</a></p>



<p><em>Originally appeared at:&nbsp;<a href="https://nationalfile.com/finnish-politician-charged-with-hate-crimes-for-tweeting-bible-verse-criticising-homosexuality/" target="_blank" rel="noreferrer noopener">National File</a></em></p>



<hr class="wp-block-separator has-alpha-channel-opacity"/>



<p>A Christian Finnish politician has been charged with multiple hate crimes, after she tweeted a Bible verse and criticized homosexuality, and could face up to 6 years in prison as a result.</p>



<p>Päivi Räsänen, a current Finnish Member of Parliament, and former Minister of the Interior, was charged last week on three hate crimes counts, having been accused of engaging in hate speech for posting about her Christian beliefs on homosexuality. The Finnish Prosecutor General, a leftist&nbsp;<a href="https://pro.almatalent.fi/article/valtakunnansyyttaja-raija-toiviainen-syyttajat-ovat-vahvoja/7107">who considers communist Nelson Mandela to be her “guru,”</a>&nbsp;announced that after&nbsp;<a href="https://evangelicalfocus.com/europe/4738/paivi-rasanen-interview-finland-christians-keep-silent-on-controversial-themes-freedom-of-speech">opening the investigation into Räsänen in September 2019</a>, the state had enough evidence to charge her.</p>



<figure class="wp-block-image aligncenter"><img decoding="async" src="https://kmi2.kr/wp-content/uploads/2023/05/image.png" alt="" class="wp-image-11673"/></figure>



<p>The three incidents that Räsänen, who previously led the Christian Democrats, is being charged with,&nbsp;<a href="https://evangelicalfocus.com/europe/11305/christian-politician-paivi-rasanen-formally-charged-for-hate-crime-against-homosexuals?fbclid=IwAR3UXaCQbE74BiW8P1hTBcMDFUKsRsFdixlUXyqfp9hr2mnMrHlH4x7qwds">spans a time period of well over a decade.</a>&nbsp;In 2004, she published a booklet about the Bible and sexuality. In 2018, Räsänen was spoke on a talk radio show on the topic of “what would Jesus think about homosexuals.”&nbsp;<a href="https://nationalfile.com/finland-mp-under-hate-crime-investigation-for-posting-a-bible-verse/">In 2019,</a>&nbsp;she posted the Bible verse Romans 1:24-27, in order to criticize the participation of the Finnish Lutheran Church in the LGBT Pride festival that took place last year, with this last “offence” being the one that triggered the investigation as a whole.</p>



<p>According to YLE, the Finnish Prosecutor General said that her statements were “derogatory and discriminatory against homosexuals,” and violated “their equality and dignity,” and that as a result, her comments would “overstep the boundaries of freedom of speech and religion and are likely to fuel intolerance, contempt and hatred.” Each count could result in a 2-year prison sentence or fine, meaning that Räsänen could be facing up to 6 years in prison in total.</p>



<p><a href="https://adfinternational.org/news/when-a-tweet-can-land-you-in-jail-criminal-charges-brought-against-finnish-mp/">In a statement,</a>&nbsp;Räsänen said she couldn’t accept that voicing her religious beliefs could result in imprisonment. “I do not consider myself guilty of threatening, slandering or insulting anyone,” she added:</p>



<p>My statements were all based on the Bible’s teachings on marriage and sexuality.&nbsp;I will defend my right to confess my faith, so that no one else would be deprived of their right to freedom of religion and speech. I hold on to the view that my expressions are legal and they should not be censored. I will not back down from my views. I will not be intimidated into hiding my faith. The more Christians keep silent on controversial themes, the narrower the space for freedom of speech gets.</p>



<p>“Freedom of speech is one of the cornerstones of democracy,” said Paul Coleman, the Executive Director of ADF International, who is representing Räsänen:</p>



<p>The Finnish Prosecutor General’s decision to bring these charges against Dr. Räsänen creates a culture of fear and censorship. It is sobering that such cases are becoming all too common throughout Europe. If committed civil servants like Päivi Räsänen are criminally charged for voicing their deeply held beliefs, it creates a chilling effect for everyone’s right to speak freely.</p>



<p><a href="https://russian-faith.com/news-trends/finnish-politician-charged-hate-crimes-tweeting-bible-verse-criticising-homosexuality">Article Link</a></p>
